n base 7?
-10
10001100 (base 2) to base 9
165
What is -1 (base 6) in base 11?
-1
What is 3 (base 16) in base 2?
11
Convert -4 (base 6) to base 14.
-4
What is 13 (base 15) in base 11?
17
What is 3 (base 8) in base 2?
11
Convert -5 (base 12) to base 15.
-5
What is -144 (base 10) in base 5?
-1034
Convert -10 (base 6) to base 11.
-6
What is 22 (base 16) in base 11?
31
What is 2 (base 13) in base 11?
2
Convert 34 (base 6) to base 9.
24
Convert -21 (base 4) to base 3.
-100
What is -160 (base 13) in base 11?
-205
What is 173 (base 10) in base 16?
ad
Convert -2 (base 16) to base 5.
-2
69 (base 15) to base 9
120
What is 21112 (base 3) in base 6?
535
What is -61 (base 9) in base 15?
-3a
Convert 132 (base 7) to base 9.
80
5 (base 9) to base 16
5
What is -101 (base 7) in base 15?
-35
What is -3 (base 15) in base 4?
-3
-103 (base 6) to base 16
-27
4a (base 12) to base 11
53
What is -103 (base 9) in base 10?
-84
What is -2 (base 15) in base 12?
-2
-101 (base 4) to base 12
-15
What is -331 (base 6) in base 5?
-1002
Convert -11 (base 9) to base 3.
-101
Convert -61 (base 16) to base 5.
-342
Convert -2122 (base 3) to base 9.
-78
Convert 18 (base 11) to base 13.
16
What is 1 (base 11) in base 4?
1
What is -11 (base 2) in base 15?
-3
b2 (base 12) to base 16
86
Convert -2 (base 13) to base 11.
-2
-6 (base 13) to base 6
-10
-2403 (base 5) to base 12
-255
Convert -101011 (base 3) to base 9.
-334
What is -15 (base 7) in base 13?
-c
What is 129 (base 11) in base 16?
98
What is -5c (base 16) in base 10?
-92
Convert 9 (base 10) to base 15.
9
What is -6 (base 13) in base 11?
-6
29 (base 13) to base 16
23
What is 237 (base 8) in base 3?
12220
Convert 30 (base 15) to base 9.
50
What is -10320 (base 4) in base 11?
-264
22 (base 3) to base 5
13
Convert -20 (base 8) to base 6.
-24
Convert 17 (base 8) to base 4.
33
What is -8 (base 9) in base 3?
-22
-33 (base 4) to base 10
-15
-10 (base 6) to base 4
-12
2 (base 13) to base 3
2
9 (base 16) to base 3
100
10 (base 2) to base 11
2
-40 (base 11) to base 2
-101100
1113 (base 4) to base 5
322
Convert 72 (base 8) to base 14.
42
Convert 101 (base 3) to base 14.
a
Convert -2 (base 13) to base 16.
-2
2 (base 14) to base 15
2
2 (base 3) to base 4
2
1011 (base 2) to base 3
102
What is -50 (base 6) in base 2?
-11110
What is 4 (base 8) in base 15?
4
-34 (base 9) to base 4
-133
-5 (base 13) to base 16
-5
135 (base 8) to base 6
233
Convert -4 (base 10) to base 13.
-4
93 (base 12) to base 2
1101111
Convert 4 (base 11) to base 9.
4
Convert 0 (base 16) to base 15.
0
-56 (base 11) to base 8
-75
14 (base 8) to base 4
30
What is -20022 (base 3) in base 4?
-2222
Convert -1131 (base 4) to base 6.
-233
Convert 5 (base 11) to base 5.
10
-2 (base 3) to base 10
-2
Convert -23 (base 13) to base 10.
-29
Convert -114 (base 5) to base 9.
-37
What is 83 (base 13) in base 8?
153
10 (base 10) to base 2
1010
Convert 1 (base 10) to base 16.
1
-5 (base 11) to base 12
-5
-10021 (base 3) to base 8
-130
21 (base 6) to base 15
d
What is 1 (base 4) in base 2?
1
What is -10 (base 9) in base 16?
-9
Convert -200 (base 9) to base 10.
-162
-31 (base 5) to base 12
-14
Convert -348 (base 9) to base 13.
-191
Convert -3 (base 5) to base 8.
-3
What is -24 (base 5) in base 12?
-12
What is -12 (base 14) in base 13?
-13
What is -11 (base 14) in base 7?
-21
Convert 4 (base 11) to base 6.
4
Convert -72 (base 15) to base 5.
-412
Convert -10 (base 15) to base 8.
-17
Convert -132 (base 4) to base 3.
-1010
Convert -5 (base 6) to base 10.
-5
What is -11 (base 15) in base 3?
-121
1 (base 3) to base 6
1
Convert -28 (base 11) to base 8.
-36
3 (base 7) to base 10
3
What is 2 (base 13) in base 4?
2
Convert -2 (base 3) to base 8.
-2
-136 (base 16) to base 10
-310
Convert -3 (base 11) to base 3.
-10
-20 (base 5) to base 10
-10
Convert 8 (base 15) to base 10.
8
-11 (base 2) to base 7
-3
Convert -37 (base 9) to base 12.
-2a
Convert -11 (base 4) to base 6.
-5
Convert d9 (base 14) to base 2.
10111111
What is -11 (base 3) in base 16?
-4
Convert 1010 (base 3) to base 15.
20
Convert -100 (base 2) to base 12.
-4
-a (base 15) to base 9
-11
1 (base 13) to base 4
1
What is 79 (base 12) in base 11?
85
Convert 2 (base 5) to base 9.
2
Convert -65 (base 10) to base 15.
-45
Convert 6 (base 10) to base 5.
11
What is 2012 (base 3) in base 14?
43
What is 58 (base 14) in base 3?
2220
3 (base 5) to base 2
11
What is 43 (base 8) in base 7?
50
What is -25 (base 6) in base 12?
-15
Convert -43 (base 8) to base 9.
-38
0 (base 13) to base 8
0
-24 (base 11) to base 13
-20
-15 (base 6) to base 10
-11
Convert -3 (base 14) to base 4.
-3
What is -554 (base 6) in base 13?
-136
304 (base 5) to base 13
61
-13 (base 15) to base 7
-24
Convert -21 (base 4) to base 14.
-9
Convert 43 (base 5) to base 13.
1a
What is -56 (base 10) in base 12?
-48
0 (base 7) to base 16
0
Convert 6 (base 7) to base 3.
20
Convert 20 (base 7) to base 6.
22
What is -134 (base 6) in base 8?
-72
0 (base 2) to base 15
0
Convert 1 (base 5) to base 12.
1
What is -3 (base 9) in base 3?
-10
Convert -11001 (base 2) to base 6.
-41
-35 (base 7) to base 5
-101
-4 (base 15) to base 11
-4
Convert -4 (base 12) to base 9.
-4
2 (base 6) to base 7
2
-2 (base 15) to base 7
-2
10 (base 3) to base 7
3
What is -48 (base 14) in base 2?
-1000000
Convert -17 (base 14) to base 7.
-30
Convert 45 (base 13) to base 5.
212
Convert -111 (base 4) to base 9.
-23
170 (base 13) to base 16
104
8 (base 10) to base 3
22
What is -10100 (base 2) in base 4?
-110
Convert -3 (base 10) to base 14.
-3
-10111 (base 2) to base 16
-17
Convert -4a (base 13) to base 6.
-142
Convert -100 (base 3) to base 15.
-9
121 (base 4) to base 5
100
What is 23 (base 6) in base 16?
f
What is 62 (base 9) in base 8?
70
What is 32 (base 13) in base 12?
35
What is 192 (base 10) in base 3?
21010
Convert 11 (base 9) to base 4.
22
Convert -2d (base 16) to base 6.
-113
Convert -6 (base 7) to base 15.
-6
Convert -42 (base 8) to base 5.
-114
What is 2 (base 15) in base 14?
2
Convert -19 (base 16) to base 2.
-11001
What is 110 (base 2) in base 7?
6
Convert 3 (base 11) to base 6.
3
7 (base 14) to base 15
7
-95 (base 10) to base 11
-87
What is 101 (base 3) in base 12?
a
What is -11010 (base 2) in base 3?
-222
What is -4 (base 5) in base 12?
-4
What is 322 (base 4) in base 12?
4a
Convert 2 (base 3) to base 5.
2
Convert -7 (base 13) to base 3.
-21
What is 10000 (base 2) in base 16?
10
Convert -31 (base 6) to base 11.
-18
112 (base 8) to base 7
134
Convert -11 (base 2) to base 6.
-3
What is 5 (base 13) in base 8?
5
Convert 5 (base 16) to base 7.
5
-2 (base 10) to base 12
-2
Convert -4 (base 12) to base 2.
-100
What is -6 (base 13) in base 7?
-6
Convert -24 (base 8) to base 11.
-19
bb (base 14) to base 5
1130
-2 (base 6) to base 2
-10
Convert -3 (base 5) to base 3.
-10
What is -3 (base 16) in base 15?
-3
-200 (base 9) to base 5
-1122
Convert 11 (base 14) to base 4.
33
41 (base 9) to base 11
34
What is 13 (base 4) in base 8?
7
Convert 10 (base 5) to base 16.
5
101 (base 2) to base 13
5
What is 11 (base 3) in base 7?
4
What is 38 (base 13) in base 11?
43
Convert -3 (base 12) to base 2.
-11
-30 (base 4) to base 6
-20
Convert 14 (base 15) to base 16.
13
Convert -3 (base 16) to base 14.
-3
Convert -10 (base 5) to base 8.
-5
Convert -75 (base 11) to base 15.
-57
Convert -3 (base 6) to base 16.
-3
What is -88 (base 12) in base 2?
-1101000
11 (base 7) to base 16
8
What is -11001 (base 2) in base 9?
-27
What is -13 (base 11) in base 16?
-e
Convert -31 (base 10) to base 12.
-27
Convert 22 (base 5) to base 4.
30
What is 2 (base 5) in base 15?
2
-24 (base 16) to base 2
-100100
What is 4 (base 9) in base 14?
4
88 (base 13) to base 6
304
What is -6 (base 9) in base 5?
-11
Convert -1 (base 12) to base 5.
-1
4a (base 16) to base 14
54
-4 (base 5) to base 9
-4
What is 7b (base 14) in base 6?
301
What is -234 (base 5) in base 7?
-126
-100 (base 4) to base 16
-10
What is 34 (base 12) in base 6?
104
Convert 1b (base 16) to base 14.
1d
Convert -1 (base 9) to base 6.
-1
What is -19 (base 13) in base 7?
-31
Convert -204 (base 5) to base 11.
-4a
Convert -6 (base 15) to base 10.
-6
What is 51 (base 7) in base 5?
121
-20 (base 3) to base 6
-10
Convert -1 (base 6) to base 5.
-1
Convert -110 (base 2) to base 5.
-11
-345 (base 6) to base 11
-115
What is 311 (ba